n**3 - 56*n**2 + 10*n + 5. What is l(6)?
-7
Let r(d) = -d**3 - d**2 + 5. Calculate r(0).
5
Let u(x) = -x**3 + 7*x**2 - 10*x + 7. Give u(5).
7
Let b(n) = -3*n**3 - 4*n**2 - 18*n - 31. What is b(-2)?
13
Let l(n) = n**3 - 3*n - 3. Give l(0).
-3
Let l(o) = 28*o - 82. Determine l(3).
2
Let i(f) = -18*f + 142. Determine i(8).
-2
Let q(i) = -i**3 + 5*i**2 + i - 2. Determine q(5).
3
Let r(h) = 5*h**2 - h - 1. What is r(2)?
17
Let b(r) = 2*r**2 + 17*r - 4. Determine b(-9).
5
Let y(h) = 7*h - 23. Calculate y(5).
12
Let u(y) = -y**3 - 15*y**2 + 30*y + 221. Calculate u(-16).
-3
Let b(f) = f + 39. Give b(-27).
12
Let l(k) = 2*k**2 + 2*k - 4. Calculate l(2).
8
Let o(h) = -h**3 + 12*h**2 - 10*h + 13. Calculate o(11).
24
Let x(m) = -2*m**3 - 24*m**2 + 2*m + 22. What is x(-12)?
-2
Let o(d) = -4*d**2 + d. What is o(3)?
-33
Let g(n) = n**3 - 12*n**2 + 8. What is g(12)?
8
Let i(p) = 2*p - 33. Calculate i(-24).
-81
Let g(a) = -6*a - 4. Calculate g(-6).
32
Let s(j) = -j**3 + 14*j**2 + 13*j + 36. Give s(15).
6
Let p(t) = 10*t + 20. Calculate p(-6).
-40
Let r(y) = y**3 + 51*y**2 - 107*y - 55. Give r(-53).
-2
Let g(o) = o**3 - 5*o**2 - 13*o - 11. What is g(-2)?
-13
Let f(x) = x**2 + 2*x - 12. What is f(-8)?
36
Let w(t) = -11*t**2 + t - 1. Calculate w(2).
-43
Let g(k) = 5*k + 9. What is g(8)?
49
Let j(r) = -r**2 + 12*r + 7. Calculate j(13).
-6
Let r(d) = -d**2 - 3*d + 4. Give r(3).
-14
Let r(k) = k**3 - 11*k**2 - 15*k + 10. Calculate r(12).
-26
Let p(x) = -x**3 - x**2 + 19*x - 5. Determine p(-5).
0
Let l(y) = -y**2 - 4*y + 9. What is l(6)?
-51
Let u(k) = 3*k**2 + 8*k - 4. Determine u(1).
7
Let y(h) = -2*h**3 + 7*h**2 + 9*h - 24. What is y(3)?
12
Let d(n) = 44*n - 41. Calculate d(1).
3
Let c(m) = 3*m - 100. Calculate c(23).
-31
Let m(h) = -h**2. Determine m(1).
-1
Let k(g) = 2*g**3 + 5*g + 4. Determine k(-3).
-65
Let z(m) = 2*m**3 + m**2 + 3*m + 3. Determine z(-2).
-15
Let q(u) = -20*u - 23. Calculate q(-2).
17
Let w(m) = 12*m**3 - 2*m + 2. What is w(1)?
12
Let o(i) = -33*i + 557. Determine o(17).
-4
Let m(g) = g + 20. Calculate m(-13).
7
Let h(n) = n**2 + 39*n + 115. What is h(-36)?
7
Let k(a) = 5*a**2 + 27*a + 4. Calculate k(-5).
-6
Let z(r) = r**3 + r**2 - r + 3. Calculate z(-3).
-12
Let b(a) = 8*a - 7. Calculate b(-4).
-39
Let x(v) = -3*v + 6. Determine x(5).
-9
Let b(t) = -t**2 + 2*t - 18. Give b(0).
-18
Let n(t) = t**3 + 3*t**2 + 19*t + 64. Give n(-3).
7
Let g(s) = -10*s + 8. What is g(-1)?
18
Let u(y) = -y**2 + 20*y - 74. Give u(5).
1
Let l(a) = -9*a - 2. Calculate l(-3).
25
Let i(t) = t**2 - 4*t - 5. What is i(7)?
16
Let n(b) = 4*b**2 - 9*b + 5. What is n(2)?
3
Let s(q) = -q**3 - 6*q**2 + 5*q + 9. Give s(-6).
-21
Let v(g) = 4*g + 19. Give v(-6).
-5
Let s(g) = 3*g - 86. Determine s(14).
-44
Let x(r) = 22*r - 67. What is x(8)?
109
Let v(s) = -s**2 + 23*s - 99. Give v(16).
13
Let o(q) = 3*q**2 + 15*q - 4. Calculate o(-5).
-4
Let w(j) = j**3 + j**2 + 2*j. Determine w(-2).
-8
Let j(s) = s**3 + 7*s**2 + s - 6. Give j(-5).
39
Let h(o) = -o**2 + o + 22. What is h(6)?
-8
Let c(v) = 7*v - 5. Determine c(3).
16
Let x(g) = g**2 - 14*g - 14. What is x(9)?
-59
Let w(u) = -u + 7. Give w(-5).
12
Let d(z) = 22*z + 18. Determine d(-7).
-136
Let g(z) = -22*z + 266. Give g(12).
2
Let h(a) = -a**3 - 11*a**2 - 30*a - 1. Determine h(-6).
-1
Let p(c) = c**3 - 2*c + 1. Give p(2).
5
Let t(x) = -x**3 + x**2 + 3*x + 3. Give t(4).
-33
Let k(g) = -2*g**2 - 2*g + 25. Calculate k(-5).
-15
Let r(o) = 12*o**2 + 275*o - 24. Calculate r(-23).
-1
Let k(i) = i**3 - 8*i**2. What is k(7)?
-49
Let l(g) = -4*g**3 + 3*g - 1. Determine l(3).
-100
Let y(c) = c**2 - 7*c - 31. Determine y(11).
13
Let u(d) = -16*d - 76. Give u(-4).
-12
Let r(l) = -5*l**2 - 41*l - 14. Give r(-8).
-6
Let l(w) = -2*w**3 - 28*w**2 - 27*w - 8. Calculate l(-13).
5
Let m(k) = k**3 + 25*k**2 + 48*k + 47. What is m(-23)?
1
Let f(i) = 3*i + 27. Calculate f(-8).
3
Let k(f) = f**2 - 4*f - 6. Give k(5).
-1
Let j(x) = -2*x**3 - 37*x**2 - 18*x + 2. What is j(-18)?
2
Let l(n) = -20*n - 49. Give l(-2).
-9
Let v(x) = -2*x**2 - 3*x - 2. Give v(-3).
-11
Let x(f) = 2*f**2 - 8*f + 7. Calculate x(5).
17
Let l(y) = y**2 - 9*y - 34. What is l(12)?
2
Let f(r) = -r**3 + 11*r**2 - 11*r + 7. Give f(10).
-3
Let s(a) = -5*a - 1. Determine s(6).
-31
Let i(b) = -5*b**2 + 6*b + 13. Determine i(-2).
-19
Let q(d) = -d**3 + 13*d**2 - 5*d + 31. Calculate q(13).
-34
Let x(t) = t**3 - t**2 - 3. Determine x(3).
15
Let y(c) = 46*c**2 - 7*c - 8. Give y(-1).
45
Let w(h) = 85*h - 169. Give w(2).
1
Let n(o) = -6*o**2 + 5*o + 8. Calculate n(-1).
-3
Let r(i) = 10*i - 21. Calculate r(6).
39
Let n(u) = 4*u**3 - u**2 + 2*u - 1. Give n(1).
4
Let z(f) = -f + 25. Determine z(-7).
32
Let q(c) = c**2 - 12*c - 3. Give q(6).
-39
Let o(s) = s**2 - 14*s - 5. Determine o(14).
-5
Let i(v) = v**3 + 5*v**2 + 7*v - 5. Give i(-4).
-17
Let w(o) = -o**2 + 8*o + 4. What is w(15)?
-101
Let g(t) = t**3 - 8*t**2 - 9*t - 3. Calculate g(9).
-3
Let y(r) = r**2 - 18*r - 27. Determine y(19).
-8
Let l(a) = -38*a + 327. Give l(9).
-15
Let l(d) = d**2 - 7*d - 26. Calculate l(-9).
118
Let d(x) = -x**3 - 6*x**2 - 11*x - 15. Determine d(-4).
-3
Let t(m) = 9*m - 12. Give t(2).
6
Let u(i) = i**3 + 4*i**2 - 5*i - 4. Calculate u(-6).
-46
Let g(z) = -z**2 + 21*z - 75. What is g(18)?
-21
Let q(c) = c**3 - 5*c**2 + c + 3. Calculate q(5).
8
Let t(l) = l. What is t(4)?
4
Let j(i) = i**2 - i + 6. Calculate j(4).
18
Let j(k) = -36*k - 72. Calculate j(-2).
0
Let g(f) = -6*f**3 + f**2 + f - 3. Give g(-2).
47
Let x(i) = 3*i**2 - 17*i - 24. What is x(7)?
4
Let h(n) = -91*n - 450. What is h(-5)?
5
Let b(m) = -3*m - 72. Determine b(-22).
-6
Let q(l) = -l**2 - 10*l + 20. Give q(-12).
-4
Let m(a) = 56*a - 338. What is m(6)?
-2
Let k(c) = c**2 + 4*c - 4. Calculate k(-7).
17
Let b(l) = -5*l + 17. Determine b(0).
17
Let u(y) = -y**3 + 8*y**2 - 15*y - 3. What is u(5)?
-3
Let u(t) = 3*t - 6. What is u(7)?
15
Let l(m) = m**3 - 8*m**2 + 3*m - 8. What is l(6)?
-62
Let j(g) = g**3 - 5*g**2 - 3*g + 3. Determine j(5).
-12
Let c(i) = -i**3 - 11*i**2 - 9*i + 5. Determine c(-9).
-76
Let h(i) = -4*i + 22. Give h(7).
-6
Let i(z) = 2*z**2 - 3*z - 5. Determine i(-2).
9
Let s(y) = 8*y + 2. Determine s(7).
58
Let d(b) = -3*b - 56. Calculate d(-23).
13
Let y(a) = -14*a + 80. What is y(7)?
-18
Let i(t) = t**2 + t. Give i(-2).
2
Let x(w) = 10*w**2 - 4*w + 7. What is x(4)?
151
Let c(t) = -t**3 - 4*t**2 + 2*t + 5. Calculate c(-4).
-3
Let h(s) = -2*s - 7. What is h(-3)?
-1
Let i(p) = -7*p**2 + 2*p - 12. What is i(0)?
-12
Let l(q) = 2*q**3 + 29*q**2 + 7*q - 96. Give l(-14).
2
Let z(m) = -m**2 - 20*m - 83. Calculate z(-5).
-8
Let b(z) = -z**3 + 6*z**2 + 6*z + 3. Determine b(7).
-4
Let i(l) = l**2 + 5*l - 12. Determine i(-6).
-6
Let r(d) = d**3 - 2*d**2 - 7*d + 9. Calculate r(4).
13
Let q(v) = 4*v - 28. Give q(6).
-4
Let k(s) = s**2 + 2*s - 13. Give k(-5).
2
Let u(d) = d + 12. What is u(-15)?
-3
Let t(y) = 41*y**2 + 2*y. Determine t(-1).
39
Let j(n) = -n**3 + 39*n**2 + 41*n - 33. Determine j(40).
7
Let x(v) = -11*v - 4. Give x(-3).
29
Let c(l) = -l**2 - 16*l - 58. Determine c(-12).
-10
Let g(j) = -11*j - 18. Give g(-2).
4
Let o(z) = z**2 + 2*z + 20. Give o(9).
119
Let y(f) = -f**3 - 12*f**2 - 14*f - 14. Determine y(-11).
19
Let i(n) = -n**3 + 10*n**2 - 4*n - 43. Determine i(10).
-83
Let z(l) = 8*l + 1. Calculate z(2).
17
Let v(k) = -7*k**3 - 7*k + 2. Calculate v(3).
-208
Let i(j) = -2*j - 5. Determine i(-12).
19
Let l(u) = u**3 - 11*u**2 + 21*u + 14. What is l(6)?
-40
Let i(g) = g**3 + 7*g**2 + 6*g - 8. Determine i(-6).
-8
Let k(q) = 2*q - 22. Determine k(13).
4
Let w(n) = n**2 + 5*n - 42. Give w(-9).
-6
Let m(o) = o**3 - 7*o**2 - 2*o - 5. Give m(7).
-19
Let s(j) = -j**2 + 6*j - 14. What is s(2)?
-6
Let n(g) = 4*g - 32. What is n(9)?
4
Let v(j) = j**3 - 2*j**2 + j - 100. What is v(0)?
-100
Let j(x) = -3*x**2 + 65*x + 25. Calculate j(22).
3
Let s(q) = q**3 + 5*q**2 - 7*q - 8. Calculate s(-6).
-2
Let z(d) = -9*d + 3. Calculate z(1).
-6
Let h(s) = 9*s + 104. What is h(-12)?
-4
Let s(t) = -t**3 - 7*t**2 - t - 4. Calculate s(-4).
-48
Let x(i) = i**3 + i + 19. Calculate x(0).
19
Let t(k) = k**3 + 4*k**2 + 2*k + 8. Calculate t(-5).
-27
Let r(w) = -w**2 - 5*w - 10. Give r(-4).
-6
Let k(n) = 4*n - 72. Calculate k(16).
-8
Let z(m) = -m**2 - 13*m - 47. What is